{"id":2,"date":"2016-05-10T03:48:21","date_gmt":"2016-05-10T03:48:21","guid":{"rendered":"http:\/\/resilienz80337-nelestroebel.de\/?page_id=2"},"modified":"2024-07-11T14:30:19","modified_gmt":"2024-07-11T14:30:19","slug":"sample-page","status":"publish","type":"page","link":"http:\/\/resilienz80337-nelestroebel.de\/","title":{"rendered":"Home"},"content":{"rendered":"\n<!-- Main Title -->\n        <h1>\n\t\t\t\t\tDas Kunstprojekt Verdichtungen_ein Stadtgespr\u00e4ch 2020\t\t\t    <\/h1>\n<!-- Separator -->\n<!-- subtitle section -->\n        <h4><p><strong>&nbsp;sucht und entwickelt Antworten aus der Sicht der K\u00fcnstler*innen und Kulturschaffenden vor Ort. Es definiert das Viertel als zuk\u00fcnftigen Ort der K\u00fcnste und der Kreativit\u00e4t.<\/strong><strong>Gef\u00f6rdert durch das Bayerische Staatsministerium f\u00fcr Wissenschaft und Kunst<\/strong><strong>Fotos: Dietrich Dube und Nele Str\u00f6bel<\/strong><\/p><\/h4>\n\t\t\t\t<a href=\"https:\/\/www.dorftv.at\/video\/33912\" target=\"_self\" itemprop=\"url\" rel=\"noopener noreferrer\">\n\t\t\t\t<img loading=\"lazy\" decoding=\"async\" src=\"http:\/\/resilienz80337-nelestroebel.de\/wp-content\/uploads\/2020\/07\/prozession-knochenarbeit-fotos-Dietrich-Dube-71.-1.jpg\" alt=\"prozession-knochenarbeit-fotos-Dietrich-Dube-71.-1\" itemprop=\"image\" height=\"667\" width=\"659\" title=\"prozession-knochenarbeit-fotos-Dietrich-Dube-71.-1\" onerror=\"this.style.display='none'\">\n\t\t\t\t<\/a>\n\t\t\t\t<a href=\"https:\/\/www.dorftv.at\/video\/33912\" target=\"_self\" itemprop=\"url\" rel=\"noopener noreferrer\">\n\t\t\t\t<img loading=\"lazy\" decoding=\"async\" src=\"http:\/\/resilienz80337-nelestroebel.de\/wp-content\/uploads\/2020\/07\/prozession-knochenarbeit-fotos-Dietrich-Dube-22.-1.jpg\" alt=\"prozession-knochenarbeit-fotos-Dietrich-Dube-22.-1\" itemprop=\"image\" height=\"667\" width=\"672\" title=\"prozession-knochenarbeit-fotos-Dietrich-Dube-22.-1\" onerror=\"this.style.display='none'\">\n\t\t\t\t<\/a>\n\t\t\t\t<a href=\"https:\/\/www.dorftv.at\/video\/33912\" target=\"_self\" itemprop=\"url\" rel=\"noopener noreferrer\">\n\t\t\t\t<img loading=\"lazy\" decoding=\"async\" src=\"http:\/\/resilienz80337-nelestroebel.de\/wp-content\/uploads\/2020\/07\/prozession-knochenarbeit-fotos-Dietrich-Dube-109-1.jpg\" alt=\"prozession-knochenarbeit-fotos-Dietrich-Dube-109-1\" itemprop=\"image\" height=\"990\" width=\"993\" title=\"prozession-knochenarbeit-fotos-Dietrich-Dube-109-1\" onerror=\"this.style.display='none'\">\n\t\t\t\t<\/a>\n\t\t\t\t<a href=\"https:\/\/www.dorftv.at\/video\/33912\" target=\"_self\" itemprop=\"url\" rel=\"noopener noreferrer\">\n\t\t\t\t<img loading=\"lazy\" decoding=\"async\" src=\"http:\/\/resilienz80337-nelestroebel.de\/wp-content\/uploads\/2020\/07\/prozession-knochenarbeit-fotos-Dietrich-Dube-73kl..jpg\" alt=\"prozession-knochenarbeit-fotos-Dietrich-Dube-73kl.\" itemprop=\"image\" height=\"667\" width=\"661\" title=\"prozession-knochenarbeit-fotos-Dietrich-Dube-73kl.\" onerror=\"this.style.display='none'\">\n\t\t\t\t<\/a>\n    <!-- Main Title -->\n        <h1>\n\t\t\t\t\tPENSEES URBAINES                                      \t\t\t    <\/h1>\n<!-- Separator -->\n<!-- subtitle section -->\n        <h4><p>&nbsp;Bahnw\u00e4rter Thiel auf dem Viehhofgel\u00e4nde Nachdenken \u00fcber die Stadtentwicklung auf eine besondere Weise. \u00c4hnlich wie bei einer Veranstaltung im Februar in der Rathausgalerie, bringt Horst Konietzny Fachleute, die sich auf je eigene und besondere Weise mit der Planung von Stadt besch\u00e4ftigen mit au\u00dfergew\u00f6hnlichen Musikerpers\u00f6nlichkeiten zusammen. Mit der M\u00fcnchner Cellistin Anja Lechner und dem schwedischen Bassisten Bj\u00f6rn Meyer. Es wird ein musikalisch eingebetteter Gedankenaustausch entstehen, der sich diesmal an den Themen des Schlachthofviertels entz\u00fcndet.Horst KonietznyDer Film mit besserem Ton ab sofort hier:https:\/\/www.dorftv.at\/video\/34526<\/p><\/h4>\n\t\t\t\t<a href=\"https:\/\/www.dorftv.at\/video\/34526\" target=\"_self\" itemprop=\"url\" rel=\"noopener noreferrer\">\n\t\t\t\t<img loading=\"lazy\" decoding=\"async\" src=\"http:\/\/resilienz80337-nelestroebel.de\/wp-content\/uploads\/2020\/07\/DSC06518-1.jpg\" alt=\"DSC06518\" itemprop=\"image\" height=\"750\" width=\"786\" title=\"DSC06518\" onerror=\"this.style.display='none'\">\n\t\t\t\t<\/a>\n\t\t\t\t<a href=\"https:\/\/www.dorftv.at\/video\/33915\" target=\"_self\" itemprop=\"url\" rel=\"noopener noreferrer\">\n\t\t\t\t<img loading=\"lazy\" decoding=\"async\" src=\"http:\/\/resilienz80337-nelestroebel.de\/wp-content\/uploads\/2020\/07\/DSC06560.jpg\" alt=\"DSC06560\" itemprop=\"image\" height=\"750\" width=\"751\" title=\"DSC06560\" onerror=\"this.style.display='none'\">\n\t\t\t\t<\/a>\n\t\t\t\t<a href=\"https:\/\/www.dorftv.at\/video\/33915\" target=\"_self\" itemprop=\"url\" rel=\"noopener noreferrer\">\n\t\t\t\t<img loading=\"lazy\" decoding=\"async\" src=\"http:\/\/resilienz80337-nelestroebel.de\/wp-content\/uploads\/2020\/07\/DSC06551-1.jpg\" alt=\"DSC06551\" itemprop=\"image\" height=\"750\" width=\"770\" title=\"DSC06551\" onerror=\"this.style.display='none'\">\n\t\t\t\t<\/a>\n\t\t\t\t<a href=\"https:\/\/www.dorftv.at\/video\/33715\" target=\"_self\" itemprop=\"url\" rel=\"noopener noreferrer\">\n\t\t\t\t<img loading=\"lazy\" decoding=\"async\" src=\"http:\/\/resilienz80337-nelestroebel.de\/wp-content\/uploads\/2020\/07\/DSC06159.jpg\" alt=\"DSC06159\" itemprop=\"image\" height=\"1200\" width=\"1200\" title=\"DSC06159\" onerror=\"this.style.display='none'\">\n\t\t\t\t<\/a>\n\t\t\t\t<a href=\"https:\/\/www.dorftv.at\/video\/33913\" target=\"_self\" itemprop=\"url\" rel=\"noopener noreferrer\">\n\t\t\t\t<img loading=\"lazy\" decoding=\"async\" src=\"http:\/\/resilienz80337-nelestroebel.de\/wp-content\/uploads\/2020\/07\/DSC06225-scaled.jpg\" alt=\"DSC06225\" itemprop=\"image\" height=\"1920\" width=\"2560\" title=\"DSC06225\" onerror=\"this.style.display='none'\">\n\t\t\t\t<\/a>\n","protected":false},"excerpt":{"rendered":"<p>Das Kunstprojekt Verdichtungen_ein Stadtgespr\u00e4ch 2020 &nbsp;sucht und entwickelt Antworten aus der Sicht der K\u00fcnstler*innen und Kulturschaffenden vor Ort. Es definiert das Viertel als zuk\u00fcnftigen Ort der K\u00fcnste und der Kreativit\u00e4t.Gef\u00f6rdert durch das Bayerische Staatsministerium f\u00fcr Wissenschaft und KunstFotos: Dietrich Dube und Nele Str\u00f6bel PENSEES URBAINES &nbsp;Bahnw\u00e4rter Thiel auf dem Viehhofgel\u00e4nde Nachdenken \u00fcber die Stadtentwicklung auf&hellip;<\/p>\n<p><a class=\"more-link\" href=\"http:\/\/resilienz80337-nelestroebel.de\/\" title=\"Lesen Sie weiter &lsquo;Home&rsquo;\">Weiterlesen <span class=\"meta-nav\">&rarr;<\/span><\/a><\/p>\n","protected":false},"author":1,"featured_media":0,"parent":0,"menu_order":0,"comment_status":"closed","ping_status":"open","template":"","meta":{"footnotes":""},"_links":{"self":[{"href":"http:\/\/resilienz80337-nelestroebel.de\/index.php?rest_route=\/wp\/v2\/pages\/2"}],"collection":[{"href":"http:\/\/resilienz80337-nelestroebel.de\/index.php?rest_route=\/wp\/v2\/pages"}],"about":[{"href":"http:\/\/resilienz80337-nelestroebel.de\/index.php?rest_route=\/wp\/v2\/types\/page"}],"author":[{"embeddable":true,"href":"http:\/\/resilienz80337-nelestroebel.de\/index.php?rest_route=\/wp\/v2\/users\/1"}],"replies":[{"embeddable":true,"href":"http:\/\/resilienz80337-nelestroebel.de\/index.php?rest_route=%2Fwp%2Fv2%2Fcomments&post=2"}],"version-history":[{"count":52,"href":"http:\/\/resilienz80337-nelestroebel.de\/index.php?rest_route=\/wp\/v2\/pages\/2\/revisions"}],"predecessor-version":[{"id":870,"href":"http:\/\/resilienz80337-nelestroebel.de\/index.php?rest_route=\/wp\/v2\/pages\/2\/revisions\/870"}],"wp:attachment":[{"href":"http:\/\/resilienz80337-nelestroebel.de\/index.php?rest_route=%2Fwp%2Fv2%2Fmedia&parent=2"}],"curies":[{"name":"wp","href":"https:\/\/api.w.org\/{rel}","templated":true}]}}