{"id":321,"date":"2020-06-03T10:49:09","date_gmt":"2020-06-03T10:49:09","guid":{"rendered":"http:\/\/resilienz80337-nelestroebel.de\/?page_id=321"},"modified":"2020-10-15T06:28:28","modified_gmt":"2020-10-15T06:28:28","slug":"rahmenprogramm","status":"publish","type":"page","link":"http:\/\/resilienz80337-nelestroebel.de\/?page_id=321","title":{"rendered":"Rahmenprogramm"},"content":{"rendered":"\n\t<!-- Main Title -->\n\t\t<!-- Separator -->\n\t\t<!-- subtitle section -->\n\t\t<h4><ul><li><strong><strong>1. Juli Er\u00f6ffnung der Ausstellung online.<br \/><\/strong><\/strong>Seit 1. Juli l\u00e4uft die Ausstellung zu VERDICHTUNGEN_EIN STADTGESPR\u00c4CH 2020.<br \/>Es sind Werke\u00a0 von Sybille Rath (Malerei) und Nele Str\u00f6bel (Bildhauerei\/Installation) im Kunstraum \u00fcber dem Atlantik im Schlachthofviertel M\u00fcnchen zu sehen. Nele Str\u00f6bel hat Denkr\u00e4ume f\u00fcr die kreative Nutzung des Gel\u00e4ndes aus Terrakotta, bedruckten Kartonobjekten und bionischen Artefakten im Ma\u00dfstab 1:50 installiert. Erg\u00e4nzt werden diese durch Papierarbeiten,\u00a0 Stadtansichten aus Marker die mit gr\u00fcnen Linoldruck-B\u00e4ndern \u00fcberlagert sind und Architekturfragmenten an der Wand.<br \/>Sybille Raths Arbeiten stellen den Menschen mit aller Verletztheit, Geworfenheit in den Mittelpunkt. Im hektischen New York fand sie ihre innere Ruhe beim Zeichnen im Cloister, einer kl\u00f6sterlichen Dependenz des Metropolitan Museums of Art. Die verzerrten Gesichter der Wasserspeier und Kapitellfiguren stellen das Kreat\u00fcrliche der unter extremen Druck geratenen Menschen per se dar. Eine Parallele zu den heutigen Pandemiezeiten.<\/li><li>Siehe Bilder im Ordner Die Ausstellung und Film von Neo Kurz<\/li><\/ul><\/h4>\n\t<!-- Main Title -->\n\t\t<!-- Separator -->\n\t\t<!-- subtitle section -->\n\t\t<h4><ul><li><p><strong>8. Juli Stadtgespr\u00e4ch\/Fr\u00fchschoppen zwischen 13 und 15 Uhr<\/strong><br \/>auf der Alten Utting im Decksalon.<br \/>Lagerhausstra\u00dfe 15<br \/>81371 M\u00fcnchen<br \/>Joana Ortmann vom BR hat unsere Veranstaltung als \u201eResillienz-Plenum\u201c getitelt.Eine Talk mit allen Hygienevorschriften.<br \/>Es ging um das zuk\u00fcnftige Kreativ-Viertel Schlachthof\/ Sendling.<a href=\"http:\/\/resilienz80337-nelestroebel.de\/?p=690\"><strong>Diskutant*innen:<\/strong><\/a>Daniel Hahn, Bahnw\u00e4rter Thiel\/AlteUtting.<br \/>Clara Holzheimer, LUISE.<br \/>Andreas Kopp, Erfindergarden.<br \/>Frederik Mayet, Volkstheater.<br \/>Dr. Christa M\u00fcller, Anstiftung.<br \/>Nele Str\u00f6bel, K\u00fcnstlerin.<br \/>Prof. Dr. Christiane Thalgott.<br \/>Dr.Marie-Therese Schoe\u00df Moderatorin BR.<br \/>Roman Linke, BOA-Videokunst.<br \/>Angefragt: Beate Bidjanbeg, BA2<br \/>Falls zum Zeitpunkt mehr Leute im EG der Alten Utting sein d\u00fcrfen, gerne mehr Diskutanten.<\/p><\/li><li>Das Stattgespr\u00e4ch wurde von BOA Videokunst aufgezeichnet, live zu den Bildschirmen an Deck \u00fcbertragen und wird anschlie\u00dfend geschnitten ins Netz gestellt.<\/li><li>Bilder und <strong>Film<\/strong> zum Gespr\u00e4ch:<\/li><li><a href=\"https:\/\/www.dorftv.at\/video\/33839\">Film in Gesamtl\u00e4nge vorab<\/a><\/li><\/ul><\/h4>\n\t<!-- Main Title -->\n\t\t<!-- Separator -->\n\t\t<!-- subtitle section -->\n\t\t<h4><ul><li><ul><li><strong>Sonntag 12. Juli 15:00 bis 18:00\u00a0 K\u00fcnstlerprozession mit Tombola (Hauptgewinn: ein Hydraulik-Werkstatt-Kran)<\/strong><\/li><\/ul><p><a href=\"http:\/\/resilienz80337-nelestroebel.de\/?p=568\">Bilder von Dietrich Dube von der Prozession unter dem Titel KNOCHENARBEIT, passend zum Ort.\u00a0<\/a>Es werden durch Eva Raiser-Johanson\u00a0 mit Wortsilben gestaltete Masken ausgeteilt, alle aktuellen Hygienevorschriften und Abstandsregeln werden eingehalten. BOA-Video dokumentiert die Prozession. Der Film wird auf die Resilienz-Website gestellt.<br \/>Jede(r) K\u00fcnstler*in f\u00e4hrt mit einem (Einkaufs)wagen\/ Fahrrad mit individuellem Kunstwerk vor. Jeder Teilnehmer bekommt einen Zettel f\u00fcr die Tombolaziehung um den Namen draufzuschreiben. Am Ende der Rundprozession wird durch Nele Str\u00f6bel erst der Hauptpreis und dann die Trostpreise gezogen.<br \/>Bitte eigenes Trinkwasser mitbringen. Bier wird gestellt.<br \/>Prozession auf dem Gel\u00e4nde der Viehhof LKW Waschanlage, Eingang Tumblinger oder Zenettistrasse in 80337 M\u00fcnchen.<strong>Film zur Prozession: https:\/\/www.dorftv.at\/video\/33912<br \/><\/strong><\/p><\/li><li>Der Architekt Ricco Johanson hat den Hauptpreis gewonnen, wir gratulieren!<\/li><\/ul><\/h4>\n\t<!-- Main Title -->\n\t\t<!-- Separator -->\n\t\t<!-- subtitle section -->\n\t\t<h4><ul><li><strong>15. Juli 10-16 Uhr: Gr\u00fcne Taschen.<\/strong><\/li><li><strong>Gestaltetes Gr\u00fcn auf dem Gel\u00e4nde des Erfindergardens am Alten Viehof.<\/strong><\/li><li><p>Mobiles Urban-Gardening-Project mit der K\u00fcnstlerin Eva Raiser-Johanson und Sch\u00fcler*innen der MOS Fachrichtung \u201eGestaltung\u201c und \u201eABU\u201c (Agrarwirtschaft, Bio- und Umwelttechnologie\u201c) und Nele Str\u00f6bel.\u00a0Ein\u00a0Urban-Gardening-Projekt mit mobilen, selbst designten, gen\u00e4hten und mit Statements versehenen Pflanztaschen, die die Sch\u00fcler*innen \u00a0mit Setzlingen und Samen bepflanzen findet rund um den Erfindergarden am Mittwoch, den 15.07. von 10:00 bis 16:30 Uhr statt. Verschiedene Aspekte der zuk\u00fcnftigen Stadt mit Hitzesommer werden thematisiert. Die Sch\u00fcl*innen dokumentieren, zeichnerisch, fotografisch oder filmend ihre Ideen und daraus entwickelten Formen. Der Kooperationspartner vor Ort ist Andreas Kopp, von Erfindergarden, Er hat einen Waggon mit Waschbecken und Toilette, sodass die Sch\u00fcler*innen eine Hygienestation haben.<\/p><\/li><\/ul><\/h4>\n\t<!-- Main Title -->\n\t\t<!-- Separator -->\n\t\t<!-- subtitle section -->\n\t\t<h4><p><a href=\"http:\/\/resilienz80337-nelestroebel.de\/?p=597\"><strong>PENSEES URBAINES<\/strong><\/a> \u00a0\u00a0\u00a0\u00a0\u00a0\u00a0\u00a0\u00a0\u00a0\u00a0\u00a0\u00a0\u00a0\u00a0\u00a0\u00a0\u00a0\u00a0\u00a0\u00a0\u00a0\u00a0\u00a0\u00a0\u00a0\u00a0\u00a0\u00a0\u00a0\u00a0\u00a0\u00a0\u00a0\u00a0\u00a0\u00a0\u00a0\u00a0\u00a0\u00a0\u00a0\u00a0\u00a0\u00a0\u00a0\u00a0\u00a0\u00a0\u00a0\u00a0\u00a0\u00a0\u00a0\u00a0\u00a0\u00a0\u00a0\u00a0\u00a0\u00a0\u00a0\u00a0\u00a0 <strong>Montag, 20.Juli 2020\u00a0<\/strong><strong> \u00a0\u00a0\u00a0\u00a0\u00a0\u00a0\u00a0\u00a0\u00a0\u00a0\u00a0\u00a0\u00a0\u00a0\u00a0\u00a0\u00a0\u00a0\u00a0\u00a0\u00a0\u00a0\u00a0\u00a0\u00a0\u00a0\u00a0\u00a0\u00a0\u00a0\u00a0\u00a0\u00a0\u00a0\u00a0\u00a0\u00a0\u00a0\u00a0\u00a0\u00a0\u00a0\u00a0\u00a0\u00a0\u00a0\u00a0\u00a0\u00a0\u00a0\u00a0\u00a0\u00a0\u00a0\u00a0\u00a0\u00a0\u00a0\u00a0 <\/strong><strong>Der Film: <\/strong><strong><a href=\"_wp_link_placeholder\" data-wplink-edit=\"true\">https:\/\/www.dorftv.at\/video\/33915<\/a><br \/><\/strong><strong>Bahnw\u00e4rter Thiel auf dem Viehhofgel\u00e4nde<\/strong>Nachdenken \u00fcber die Stadtentwicklung auf eine besondere Weise. \u00c4hnlich wie bei einer Veranstaltung im Februar in der Rathausgalerie, bringt Horst Konietzny Fachleute, die sich auf je eigene und besondere Weise mit der Planung von Stadt besch\u00e4ftigen mit au\u00dfergew\u00f6hnlichen Musikerpers\u00f6nlichkeiten zusammen. Mit der M\u00fcnchner Cellistin Anja Lechner und dem schwedischen Bassisten Bj\u00f6rn Meyer. Es wird ein musikalisch eingebetteter Gedankenaustausch entstehen, der sich diesmal an den Themen des Schlachthofviertels entz\u00fcndet.<br \/><strong> <a href=\"http:\/\/resilienz80337-nelestroebel.de\/?p=319\">Horst Konietzny<\/a><\/strong><article id=\"post-319\"><strong>Mitwirkende:<\/strong><strong>Hajo Bahner<\/strong><br \/>Architekt und Stadtplanungsvision\u00e4r.<br \/><strong>Thomas Lang<\/strong><br \/>Schriftsteller aus M\u00fcnchen.<br \/><strong>Anja Lechner<\/strong>, Cello.<br \/><strong>Bj\u00f6rn Meyer<\/strong>, EBass.<br \/><strong>Dr. Ingvild Richerdsen<br \/><\/strong>Autorin und Kuratorin<br \/><strong>Isabel Strehle<\/strong><br \/>Architektin und Regierungsbaumeisterin des Amtes f\u00fcr Stadtentwicklung und Verkehrsanlagen Aachen.<br \/><strong>Nele \u00a0Str\u00f6bel<\/strong><br \/>bildende K\u00fcnstlerin und Initiatorin des Kunstprojekts <strong>Verdichtungen_ein Stadtgespr\u00e4ch 2020<\/strong>.<br \/><strong>Prof. Sophie Wolfrum<\/strong><br \/>2003-2018 Professorin f\u00fcr St\u00e4dtebau und Regionalplanung an Fakult\u00e4t f\u00fcr Architektur der TU M\u00fcnchen.<strong>Zu den Musiker*innen:<\/strong><br \/>Die Cellistin Anja Lechner und der Bassist Bj\u00f6rn Meyer (E-Bassgitarre) sind sich in den letzten Jahren oft \u00fcber den Weg gelaufen und haben sich gegenseitig zugeh\u00f6rt bei Konzerten und Festivals von Teheran, Hamburg, Paris, Br\u00fcssel bis M\u00fcnchen und auch durch ihre Verbindung zu ECM Records.\u00a0Beide arbeiten sowohl solo als auch mit Musikern anderer Traditionen zusammen &#8211; Bj\u00f6rn Meyer, zum Beispiel mit dem tunesischen Oudspieler Anouar Brahem oder Anja Lechner mit dem argentinischen Bandoneonisten Dino Saluzzi. Anfang 2020 haben die beiden angefangen gemeinsam Musik zu machen und die klangliche Vielfalt ihrer beiden Instrumente auszuloten. Dabei ist ein ungew\u00f6hnliches Repertoire entstanden, das sich von den dunklen Tiefen bis in die singenden H\u00f6hen emporschwingt.<\/p><\/article><\/h4>\n\t\t\t\t<img loading=\"lazy\" decoding=\"async\" src=\"http:\/\/resilienz80337-nelestroebel.de\/wp-content\/uploads\/2020\/07\/DSC06191.jpg\" alt=\"DSC06191\" itemprop=\"image\" height=\"1200\" width=\"1200\" title=\"DSC06191\" onerror=\"this.style.display='none'\"  \/>\n\t\t\t\t<img loading=\"lazy\" decoding=\"async\" src=\"http:\/\/resilienz80337-nelestroebel.de\/wp-content\/uploads\/2020\/07\/DSC06159.jpg\" alt=\"DSC06159\" itemprop=\"image\" height=\"1200\" width=\"1200\" title=\"DSC06159\" onerror=\"this.style.display='none'\"  \/>\n\t\t\t\t<a href=\"https:\/\/www.dorftv.at\/video\/33913\" target=\"_self\" itemprop=\"url\" rel=\"noopener noreferrer\">\n\t\t\t\t<img loading=\"lazy\" decoding=\"async\" src=\"http:\/\/resilienz80337-nelestroebel.de\/wp-content\/uploads\/2020\/06\/alte-utting.jpg\" alt=\"die sch\u00f6nheit ALTE UTTING\" itemprop=\"image\" height=\"1200\" width=\"1200\" title=\"alte utting\" onerror=\"this.style.display='none'\"  \/>\n\t\t\t\t<\/a>\n\t\t\t\t<img loading=\"lazy\" decoding=\"async\" src=\"http:\/\/resilienz80337-nelestroebel.de\/wp-content\/uploads\/2020\/05\/stadtlandschaften-terrakotta-natur-lioldruck-auf-karton-37.jpg\" alt=\"stadtlandschaften terrakotta, natur, lioldruck auf karton (37)\" itemprop=\"image\" height=\"1200\" width=\"1200\" title=\"stadtlandschaften terrakotta, natur, lioldruck auf karton (37)\" onerror=\"this.style.display='none'\"  \/>\n\t\t\t\t<a href=\"https:\/\/www.dorftv.at\/video\/33912\" target=\"_self\" itemprop=\"url\" rel=\"noopener noreferrer\">\n\t\t\t\t<img loading=\"lazy\" decoding=\"async\" src=\"http:\/\/resilienz80337-nelestroebel.de\/wp-content\/uploads\/2020\/06\/knochenarbeit-nele-stroebel.jpg\" alt=\"knochenarbeit\" itemprop=\"image\" height=\"1200\" width=\"1200\" title=\"knochenarbeit nele stroebel\" onerror=\"this.style.display='none'\"  \/>\n\t\t\t\t<\/a>\n\t\t\t\t<a href=\"https:\/\/www.dorftv.at\/video\/33912\" target=\"_self\" itemprop=\"url\" rel=\"noopener noreferrer\">\n\t\t\t\t<img loading=\"lazy\" decoding=\"async\" src=\"http:\/\/resilienz80337-nelestroebel.de\/wp-content\/uploads\/2020\/06\/freigestellt_bearbeitet-1-1.jpg\" alt=\"prozession mit abstand\" itemprop=\"image\" height=\"1200\" width=\"1200\" title=\"freigestellt_bearbeitet-1\" onerror=\"this.style.display='none'\"  \/>\n\t\t\t\t<\/a>\n\t\t\t\t<img loading=\"lazy\" decoding=\"async\" src=\"http:\/\/resilienz80337-nelestroebel.de\/wp-content\/uploads\/2020\/06\/exist.jpg\" alt=\"exist\" itemprop=\"image\" height=\"82\" width=\"127\" title=\"exist\" onerror=\"this.style.display='none'\"  \/>\n\t\t\t\t<img loading=\"lazy\" decoding=\"async\" src=\"http:\/\/resilienz80337-nelestroebel.de\/wp-content\/uploads\/2020\/07\/DSC06555-1.jpg\" alt=\"DSC06555\" itemprop=\"image\" height=\"749\" width=\"767\" title=\"DSC06555\" onerror=\"this.style.display='none'\"  \/>\n\t\t\t\t<img loading=\"lazy\" decoding=\"async\" src=\"http:\/\/resilienz80337-nelestroebel.de\/wp-content\/uploads\/2020\/07\/DSC06558-1.jpg\" alt=\"DSC06558\" itemprop=\"image\" height=\"750\" width=\"753\" title=\"DSC06558\" onerror=\"this.style.display='none'\"  \/>\n\t\t\t\t<img loading=\"lazy\" decoding=\"async\" src=\"http:\/\/resilienz80337-nelestroebel.de\/wp-content\/uploads\/2020\/07\/DSC06518-1.jpg\" alt=\"DSC06518\" itemprop=\"image\" height=\"750\" width=\"786\" title=\"DSC06518\" onerror=\"this.style.display='none'\"  \/>\n\t\t\t\t<img loading=\"lazy\" decoding=\"async\" src=\"http:\/\/resilienz80337-nelestroebel.de\/wp-content\/uploads\/2020\/06\/IMG_6511.jpeg\" alt=\"IMG_6511\" itemprop=\"image\" height=\"481\" width=\"526\" title=\"IMG_6511\" onerror=\"this.style.display='none'\"  \/>\n\t\t\t\t<img decoding=\"async\" src=\"http:\/\/resilienz80337-nelestroebel.de\/wp-content\/plugins\/beaver-builder-lite-version\/img\/pixel.png\" alt=\"\" itemprop=\"image\" onerror=\"this.style.display='none'\"  \/>\n","protected":false},"excerpt":{"rendered":"<p>1. Juli Er\u00f6ffnung der Ausstellung online.Seit 1. Juli l\u00e4uft die Ausstellung zu VERDICHTUNGEN_EIN STADTGESPR\u00c4CH 2020.Es sind Werke\u00a0 von Sybille Rath (Malerei) und Nele Str\u00f6bel (Bildhauerei\/Installation) im Kunstraum \u00fcber dem Atlantik im Schlachthofviertel M\u00fcnchen zu sehen. Nele Str\u00f6bel hat Denkr\u00e4ume f\u00fcr die kreative Nutzung des Gel\u00e4ndes aus Terrakotta, bedruckten Kartonobjekten und bionischen Artefakten im Ma\u00dfstab 1:50&hellip;<\/p>\n<p><a class=\"more-link\" href=\"http:\/\/resilienz80337-nelestroebel.de\/?page_id=321\" title=\"Lesen Sie weiter &lsquo;Rahmenprogramm&rsquo;\">Weiterlesen <span class=\"meta-nav\">&rarr;<\/span><\/a><\/p>\n","protected":false},"author":1,"featured_media":0,"parent":0,"menu_order":0,"comment_status":"closed","ping_status":"closed","template":"","meta":{"footnotes":""},"_links":{"self":[{"href":"http:\/\/resilienz80337-nelestroebel.de\/index.php?rest_route=\/wp\/v2\/pages\/321"}],"collection":[{"href":"http:\/\/resilienz80337-nelestroebel.de\/index.php?rest_route=\/wp\/v2\/pages"}],"about":[{"href":"http:\/\/resilienz80337-nelestroebel.de\/index.php?rest_route=\/wp\/v2\/types\/page"}],"author":[{"embeddable":true,"href":"http:\/\/resilienz80337-nelestroebel.de\/index.php?rest_route=\/wp\/v2\/users\/1"}],"replies":[{"embeddable":true,"href":"http:\/\/resilienz80337-nelestroebel.de\/index.php?rest_route=%2Fwp%2Fv2%2Fcomments&post=321"}],"version-history":[{"count":62,"href":"http:\/\/resilienz80337-nelestroebel.de\/index.php?rest_route=\/wp\/v2\/pages\/321\/revisions"}],"predecessor-version":[{"id":763,"href":"http:\/\/resilienz80337-nelestroebel.de\/index.php?rest_route=\/wp\/v2\/pages\/321\/revisions\/763"}],"wp:attachment":[{"href":"http:\/\/resilienz80337-nelestroebel.de\/index.php?rest_route=%2Fwp%2Fv2%2Fmedia&parent=321"}],"curies":[{"name":"wp","href":"https:\/\/api.w.org\/{rel}","templated":true}]}}