{"id":55,"date":"2020-04-30T14:25:48","date_gmt":"2020-04-30T14:25:48","guid":{"rendered":"http:\/\/resilienz80337-nelestroebel.de\/?page_id=55"},"modified":"2024-07-12T13:30:57","modified_gmt":"2024-07-12T13:30:57","slug":"texte","status":"publish","type":"page","link":"http:\/\/resilienz80337-nelestroebel.de\/?page_id=55","title":{"rendered":"Positionen"},"content":{"rendered":"\n<h1 class=\"wp-block-heading\">\n\t\t\t\t\t\t\tPositionen\t\t\t\t\t<\/h1>\n\n\n\n<figure class=\"wp-block-image\"><img decoding=\"async\" src=\"http:\/\/resilienz80337-nelestroebel.de\/wp-content\/uploads\/2020\/05\/3.jpg\" alt=\"\"\/><\/figure>\n\n\n\n<h5 class=\"wp-block-heading\">Malerin<\/h5>\n\n\n\n<h3 class=\"wp-block-heading\">SYBILLE RATH<\/h3>\n\n\n\n<p>lebt und arbeitet in M\u00fcnchen<a href=\"http:\/\/resilienz80337-nelestroebel.de\/?p=286\" target=\"_self\" rel=\"noopener noreferrer\">\n\t\t        \t\tmehr\n\t\t\t<\/a><\/p>\n\n\n\n<figure class=\"wp-block-image\"><img decoding=\"async\" src=\"http:\/\/resilienz80337-nelestroebel.de\/wp-content\/uploads\/2020\/05\/nele2.jpg\" alt=\"\"\/><\/figure>\n\n\n\n<figure class=\"wp-block-image\"><img decoding=\"async\" src=\"http:\/\/resilienz80337-nelestroebel.de\/wp-content\/uploads\/2020\/05\/portrait-eva_sw.jpg\" alt=\"\"\/><\/figure>\n\n\n\n<h5 class=\"wp-block-heading\">Bildhauerin<\/h5>\n\n\n\n<h3 class=\"wp-block-heading\">NELE STR\u00d6BEL<\/h3>\n\n\n\n<p>lebt und arbeitet in M\u00fcnchen und Berlin<a href=\"http:\/\/resilienz80337-nelestroebel.de\/?p=1\" target=\"_self\" rel=\"noopener noreferrer\">\n\t\t        \t\tmehr\n\t\t\t<\/a><\/p>\n\n\n\n<h5 class=\"wp-block-heading\">Textilk\u00fcnstlerin<\/h5>\n\n\n\n<h3 class=\"wp-block-heading\">EVA REISER-JOHANSON<\/h3>\n\n\n\n<p>lebt und arbeitet in M\u00fcnchen<a href=\"http:\/\/resilienz80337-nelestroebel.de\/?p=282\" target=\"_self\" rel=\"noopener noreferrer\">\n\t\t        \t\tmehr\n\t\t\t<\/a><\/p>\n","protected":false},"excerpt":{"rendered":"<p>Positionen Malerin SYBILLE RATH lebt und arbeitet in M\u00fcnchen mehr Bildhauerin NELE STR\u00d6BEL lebt und arbeitet in M\u00fcnchen und Berlin mehr Textilk\u00fcnstlerin EVA REISER-JOHANSON lebt und arbeitet in M\u00fcnchen mehr<\/p>\n","protected":false},"author":1,"featured_media":0,"parent":0,"menu_order":0,"comment_status":"closed","ping_status":"closed","template":"","meta":{"footnotes":""},"_links":{"self":[{"href":"http:\/\/resilienz80337-nelestroebel.de\/index.php?rest_route=\/wp\/v2\/pages\/55"}],"collection":[{"href":"http:\/\/resilienz80337-nelestroebel.de\/index.php?rest_route=\/wp\/v2\/pages"}],"about":[{"href":"http:\/\/resilienz80337-nelestroebel.de\/index.php?rest_route=\/wp\/v2\/types\/page"}],"author":[{"embeddable":true,"href":"http:\/\/resilienz80337-nelestroebel.de\/index.php?rest_route=\/wp\/v2\/users\/1"}],"replies":[{"embeddable":true,"href":"http:\/\/resilienz80337-nelestroebel.de\/index.php?rest_route=%2Fwp%2Fv2%2Fcomments&post=55"}],"version-history":[{"count":20,"href":"http:\/\/resilienz80337-nelestroebel.de\/index.php?rest_route=\/wp\/v2\/pages\/55\/revisions"}],"predecessor-version":[{"id":878,"href":"http:\/\/resilienz80337-nelestroebel.de\/index.php?rest_route=\/wp\/v2\/pages\/55\/revisions\/878"}],"wp:attachment":[{"href":"http:\/\/resilienz80337-nelestroebel.de\/index.php?rest_route=%2Fwp%2Fv2%2Fmedia&parent=55"}],"curies":[{"name":"wp","href":"https:\/\/api.w.org\/{rel}","templated":true}]}}

<h1 class="wp-block-heading">
							Positionen					</h1>



<figure class="wp-block-image"><img decoding="async" src="http://resilienz80337-nelestroebel.de/wp-content/uploads/2020/05/3.jpg" alt=""/></figure>



<h5 class="wp-block-heading">Malerin</h5>



<h3 class="wp-block-heading">SYBILLE RATH</h3>



<p>lebt und arbeitet in München<a href="http://resilienz80337-nelestroebel.de/?p=286" target="_self" rel="noopener noreferrer">
		        		mehr
			</a></p>



<figure class="wp-block-image"><img decoding="async" src="http://resilienz80337-nelestroebel.de/wp-content/uploads/2020/05/nele2.jpg" alt=""/></figure>



<figure class="wp-block-image"><img decoding="async" src="http://resilienz80337-nelestroebel.de/wp-content/uploads/2020/05/portrait-eva_sw.jpg" alt=""/></figure>



<h5 class="wp-block-heading">Bildhauerin</h5>



<h3 class="wp-block-heading">NELE STRÖBEL</h3>



<p>lebt und arbeitet in München und Berlin<a href="http://resilienz80337-nelestroebel.de/?p=1" target="_self" rel="noopener noreferrer">
		        		mehr
			</a></p>



<h5 class="wp-block-heading">Textilkünstlerin</h5>



<h3 class="wp-block-heading">EVA REISER-JOHANSON</h3>



<p>lebt und arbeitet in München<a href="http://resilienz80337-nelestroebel.de/?p=282" target="_self" rel="noopener noreferrer">
		        		mehr
			</a></p>

<p>Positionen Malerin SYBILLE RATH lebt und arbeitet in München mehr Bildhauerin NELE STRÖBEL lebt und arbeitet in München und Berlin mehr Textilkünstlerin EVA REISER-JOHANSON lebt und arbeitet in München mehr</p>
